*4/8 + 9*g**2 + 2. Let v(p) be the second derivative of a(p). What is v(4)?
5
Let s(q) = -35 + 2 + 13 - 35 - 3*q + 5. Give s(20).
-110
Let u be (1 + 1)/(-1 - -3). Suppose 0 = -3*f - 2*j + j + 7, 2*f - 4*j - 14 = 0. Let x(q) = 1 + 0 - f*q + 4*q + q. Calculate x(u).
3
Let d(x) = x**3 - 9*x**2 - 13*x + 21. Let f = -13505 - -13515. Determine d(f).
-9
Suppose -5*z = -4*z - 4. Suppose l = 5*d, -z = 2*d - 6. Let o(h) be the second derivative of h**3/6 - 5*h**2/2 - 558*h. Give o(l).
0
Let a(m) = m**3 + 6*m**2. Let q be -5 + 35/2 + 33/22. Suppose 0*j = q*j + 70. What is a(j)?
25
Let q(l) = -l - 1. Let b be -6 + ((-30)/6 - -23). Suppose 16 = 3*g - o, g + 3*o - b = 2*o. What is q(g)?
-8
Suppose -15*u - u + 64 = 0. Suppose -2*c = u*z - 5 - 27, 14 = 4*c - 2*z. Let m(d) = -d**2 + 3*d + 12. Give m(c).
-6
Let q = 269 + -79. Let x(j) = -q*j**3 + 189*j**3 - 2*j + 1 + 1 - 5*j**2 + 0. Determine x(-3).
-10
Let a(b) = -9*b**2 + 18*b + 17. Let g(f) = -8*f**2 + 14*f + 14. Let y(d) = 10*a(d) - 11*g(d). Give y(13).
16
Let l(t) = -7*t + 12. Let c(s) = 25*s - 32. Let w(p) = -13*p + 17. Let y(h) = -4*c(h) - 9*w(h). Let g(f) = 9*l(f) + 4*y(f). Determine g(-6).
-22
Let f(i) = 1 - 6 - i - 11 + 1. Let y(u) = 208*u - 841. Let a be y(4). Give f(a).
-6
Let x(s) = s**2 - 3*s - 67. Let q(v) = 7*v**2 - 19*v - 435. Let d(a) = -6*q(a) + 39*x(a). Suppose 4*p - m = -7, 5*m + 37 = -4*p - 0*m. Give d(p).
-21
Let j be 68/28 + -2 - (-116)/7. Let n(v) = -20*v + 6 + 10*v + j*v + v**2. What is n(-5)?
-4
Let c be (7/(28/(-40)))/((-6)/(-3)). Let v(b) = -b - 3. Give v(c).
2
Let p(y) = -32*y - 69. Let o be p(-2). Let a(c) = 4*c + 3. Let i(j) = -1. Let z(b) = a(b) + 4*i(b). Determine z(o).
-21
Let j(x) be the third derivative of -x**6/120 + x**5/3 - 17*x**4/24 - 5*x**3 - 2878*x**2. Calculate j(19).
8
Suppose -272*p + 62 = -30*p - 180. Let a(i) = 10*i**2 - 10*i + 8. What is a(p)?
8
Let y(q) = -28*q + 217. Let c be y(8). Let l be (-3 - 1) + c + 99/11. Let i(b) = -8*b - 3. Calculate i(l).
13
Let s(o) = 3*o**2 + 75*o - 130. Let q(j) = j**2 + 24*j - 40. Let n(w) = 7*q(w) - 2*s(w). Calculate n(-19).
-1
Let z be (318*3/30)/((-2)/(-10)). Suppose z*k = 157*k + 32. Let d(x) = -x**2 + 17*x - 13. What is d(k)?
3
Let d(q) = -2*q**2 - 2*q - 5. Let c(v) = v**2 - 2*v - 1. Let o(m) = -4*c(m) + d(m). Let x(w) = -5*w**2 + 7*w - 1. Let f(t) = -5*o(t) + 4*x(t). What is f(1)?
9
Let m(d) = 23*d + 68. Suppose 138 = 232*t - 278*t. Determine m(t).
-1
Let o(a) be the third derivative of a**6/120 + 2*a**5/5 + 11*a**4/6 - a**3/6 - 921*a**2. Calculate o(-22).
-1
Let i be (-4)/(-14) + 40/7. Suppose -4*j + 2*m = -38, -j - 5*m + 27 = 1. Let u(c) = 6 - 4*c**2 + 29*c**2 - 15*c**2 + 3*c - j*c**2. Determine u(i).
-12
Let c(q) be the second derivative of -q**4/12 - 4*q**3/3 - 7*q**2/2 - 2*q - 250. Calculate c(-7).
0
Let j(g) = 4*g + g - 2*g - 6*g. Suppose 16*c + i + 2 = 11*c, -4*i - 8 = -2*c. Suppose c = -2*v + 7 - 3. Give j(v).
-6
Let p(k) = 5*k. Suppose -4*s + 5 = 4*i - 7, 2*i - 4 = 0. Let f be p(s). Let b(q) = 8 - f*q + 3*q - 3 + q. Determine b(5).
0
Let a(r) = -8*r - 8. Let c(g) = -7*g - 7. Suppose 5*w - w - 24 = 0. Let o(x) = w*a(x) - 7*c(x). Let h(s) = -4*s - 5. Let p(t) = -h(t) - o(t). Give p(-3).
-5
Let n = 12134 + -12127. Let j(l) be the first derivative of l**2/2 - 13*l + 2. Give j(n).
-6
Let u(k) = -k**2 - 14*k - 4. Let v(s) = s**2 + 15*s + 12. Let a(o) = -4*u(o) - 3*v(o). What is a(-13)?
6
Let c(y) = -8*y - 11. Let g(l) = -13*l - 18. Let d(m) = 8*c(m) - 5*g(m). Calculate d(-4).
-2
Let u(m) = -140 + 3*m**2 + 3*m + 0*m**2 + 69 + 70 + 5*m**3 + 0*m**2. Determine u(2).
57
Suppose -q + u = 3*u - 24, -4*q = 3*u - 71. Let t(o) = q - o**2 - 4 - o - 11. Let j be -1*(-1 - (-1 - 2)). Determine t(j).
-3
Suppose 11 + 5 = 2*j. Let a(r) = 3 - 9*r**2 + 13*r + 10361289*r**3 - 10361288*r**3 - 6*r. Calculate a(j).
-5
Let u(o) be the second derivative of o**3/6 - o**2/2 + 2*o. Let b(y) = 307*y**2 + 1842*y + 6. Let j be b(-6). Determine u(j).
5
Let v(d) = 83*d - 9. Let m(g) = 91*g - 10. Let t(a) = 4*m(a) - 5*v(a). Calculate t(2).
-97
Let t(r) = 14*r - 32. Let o be (-190)/(-6555) + (-550)/(-69). Determine t(o).
80
Let u = 114 - 139. Let r = -20 - u. Suppose 0 = -r*b + 4*o + 22 + 22, 2*b = -4*o + 12. Let d(n) = -2*n + 10. Give d(b).
-6
Let v be (-560)/(-84)*(1 - 2/8). Let l(z) be the second derivative of z**4/12 - z**3/3 + 5*z**2/2 + 37*z. Calculate l(v).
20
Let x(o) be the third derivative of -o**5/60 + 7*o**4/12 + 101*o**3/3 - 2737*o**2. Determine x(-9).
-5
Let c = -2673 + 2667. Let a(w) = -w**3 - 9*w**2 - 16*w + 14. Determine a(c).
2
Let b(s) = 1 + 2*s - 4*s + 5*s - s**3 - 2*s. Let w(h) = h**2 - 4*h + 2. Let x = -3 + 6. Let o be w(x). Calculate b(o).
1
Let l be 2/(-9)*(-402)/67*-6. Let f(r) be the third derivative of -r**4/12 - 2*r**3 - 5*r**2. Give f(l).
4
Let i be ((4 - -1) + (-8 - -6))/3. Let a(q) = -i + 28 - q - 3 - 13. Determine a(-7).
18
Suppose 0 = -5*v + 3 - 13. Let h(q) = 4*q + 7. Let k(m) be the second derivative of -m**3/2 - 3*m**2 + 8*m + 2. Let a(p) = v*h(p) - 3*k(p). Calculate a(3).
7
Let f(k) = -k**2 - 13*k - 5. Let y be f(-13). Let z(n) = -44*n - 7 - 54*n + 3 - 55*n + 158*n. What is z(y)?
-29
Suppose -2*a + 152 = -3*k, -5*k = -7*a + 3*a + 250. Let f = k + 55. Let w be 5 + f/(-2)*8. Let j(r) = -6*r**3 - 1. Determine j(w).
-7
Let j(y) = -10*y + 6. Let p(b) = 17*b - 12. Let a(i) = -7*j(i) - 4*p(i). Suppose -17*w = -14*w + 18. Calculate a(w).
-6
Let h(k) = -29*k**3 - k**2 + k. Suppose 2*p = 1 + 51. Suppose -w = -5*j - p, 0 = -7*j + 4*j - 15. What is h(w)?
-29
Let n = -299 + 302. Suppose -n*c - 8 = 13. Let h(q) = -q**2 - 7*q + 4. Determine h(c).
4
Suppose -148 = -3*a - 5*q, 3*q = -2*q + 25. Let b(n) = 110*n - 38*n + 3 - a*n - 32*n. Suppose 5*u - 6 - 12 = -3*c, 0 = u + 5*c + 14. Determine b(u).
-3
Let g(s) be the third derivative of -s**6/120 - s**5/30 + s**4/24 - s**3/2 - 2*s**2. Let w(m) = -m**2 - 200*m - 4962. Let v be w(-29). Give g(v).
3
Let s(y) = 4*y**2 + 19*y - 5. Let c = 17949 + -17954. Calculate s(c).
0
Let f(g) = -5 - 1 - 5*g + 0 + 0. Suppose -4*a = 4*d + 44, -12 = -2*d + 4*a + 8. Determine f(d).
14
Let g be (4/(-32))/((-44)/176). Let i(x) be the first derivative of 0*x + x**4 - g*x**2 - 1/3*x**3 - 7. What is i(-1)?
-4
Let o(x) = 5*x**2 - 6*x - 4. Suppose m + 3*h = -5, -4*m + 48*h = 51*h + 11. What is o(m)?
28
Let m be 4/(-2) + 11*1. Let b(u) = -11*u + 5 - 2*u + 0*u + 7. Let w(o) = -23*o + 25. Let i(a) = 7*b(a) - 4*w(a). Determine i(m).
-7
Let y = -2 - -2. Suppose -3*u + 15 = 2*i, y*u + 15 = 3*u - 2*i. Suppose -u = -2*q - 3. Let h(v) = -4*v**2 - v. Calculate h(q).
-5
Let p(y) be the second derivative of -y**4/12 + y**3/2 + 6*y**2 - 7*y. Let g be p(5). Let w(u) = 4*u + u**2 + 2 - g*u**2 + 6*u - 10. Give w(6).
16
Let f(a) = a + 1 + 0*a**2 - 5*a**2 + a**2. Let m be (-600)/80*8/30. What is f(m)?
-17
Let r = 16 + -11. Let h(w) be the first derivative of -w**2/2 + 14*w - 444. Let u(d) = -4*d + 62. Let g(n) = -18*h(n) + 4*u(n). Give g(r).
6
Let x(k) = -164 + 69*k**2 - 906*k + 906*k + 165. Calculate x(1).
70
Let v(b) be the third derivative of b**5/60 - b**4/4 - 21*b**3/2 + b**2 - 1581. Calculate v(13).
28
Let i(c) be the second derivative of -11*c**4/12 - 11*c**3 + 2*c - 403. What is i(-6)?
0
Suppose -6*j = -13 - 5. Let n(s) = 2 + s - 4*s**2 - 24*s**j + 23*s**3 + 10*s**2 - 5. Determine n(6).
3
Suppose 2*d - 3*d = -79. Let j = -77 + d. Let z(p) = -4*p + j*p - 56*p**2 + 57*p**2 + 9*p**3 + 1. What is z(1)?
9
Let j(x) = -18*x**2 - 39*x**3 - 5 + 17*x**3 + 3 + 10*x**3 + 9*x**3. Let v be j(-6). Let k(n) = n**3 + n**2. What is k(v)?
-4
Let t(y) be the third derivative of -y**5/60 - 5*y**4/12 - 2*y**2. Let n be 9/(-12)*(-784)/(-84). Give t(n).
21
Let y(o) = -4051*o + 221 + 30*o**2 + 23*o**2 + o**3 + 4001*o. Let t be y(-54). Let i(f) be the first derivative of f**3/3 - 2*f**2 - 2*f - 1. What is i(t)?
3
Suppose 13*g = 157 + 25. Suppose -87 = -g*k - 3. Let x(p) = 2*p**2 - 8*p - 5. Determine x(k).
19
Suppose 4*f - 23 = -3*a, 4*f = -3*a + 8*f + 7. Suppose -a*c + 20 = -y, y - 10 = 2*y - 3*c. Let t(i) = i**2 - 4*i - 4. What is t(y)?
1
Suppose -345*g - 1 = -344*g. Let i be -6*(-5)/(-9)*-3*g. Let l be 6*i/12*10/5. Let p(z) = -z**2 - 11*z - 6. Determine p(l).
4
Suppose 0*l + l = -n + 21, -2*n + 27 = -l. Suppose 174 = 5*i + 4*v, -2*v = -2*i + 6